se -21 - 31 = -i*f. Calculate the remainder when f is divided by 3.
1
Suppose 0 = 3*m - 2*m - 11. Let l be ((-6)/9)/((-1)/3). Suppose l*z - 21 = z. Calculate the remainder when z is divided by m.
10
Suppose -77*j = -81*j + 124. Calculate the remainder when j is divided by 9.
4
Let o(i) = 15*i**2 - i - 1. What is the remainder when o(-1) is divided by 148/18 + (-4)/18?
7
Suppose 0 = -2*r - 1 + 5. Let g = 10 - 6. What is the remainder when 6 is divided by 1 - (r - g - 1)?
2
Let n = -22 - -8. Let c = 22 + n. Calculate the remainder when 14 is divided by c.
6
Suppose -130 = 6*i - i. Let p = -9 - i. Suppose 5*h - 128 = 117. What is the remainder when h is divided by p?
15
Suppose -2*v + 37 = -45. What is the remainder when v is divided by (11/4)/((-7)/(-28))?
8
Suppose -u + 2*t - 8 = -0, -u - 4*t = -16. Calculate the remainder when (8 - u) + -4 + 6 is divided by 6.
4
Let i be (3 + 1)/((-6)/(-15)). Suppose -5*c = i - 115. Suppose 91 = 5*m + c. What is the remainder when 27 is divided by m?
13
Let v = 7 - 4. Let j = v - -21. What is the remainder when j is divided by (1 - 0)/((-5)/(-65))?
11
Suppose 0 = 4*u - 2*u - 2*a + 10, -4*u - 5 = -a. Let y(p) = -p**2 - p + 8. What is the remainder when y(u) is divided by 3?
2
Let y(a) = -5*a + 4. Calculate the remainder when 74 is divided by y(-3).
17
Let c(x) = -x**3 - 2*x**2 - 4*x - 6. Calculate the remainder when c(-4) is divided by 15.
12
Let b be (-3 - -2)/(2/(-148)). Let g = b + -13. What is the remainder when g is divided by 16?
13
Suppose 3*l = q - 71, 2*l + 14 = -3*q + 216. What is the remainder when q is divided by 10?
8
Let y = 7 - 0. Suppose 5 = 3*m - y, -2*q + 2*m + 6 = 0. Calculate the remainder when q is divided by 4.
3
Suppose 2*u + 96 = h - 0*u, 318 = 3*h + 4*u. What is the remainder when h is divided by 35?
32
Let o(w) = 0*w - w + 0*w - 4*w - 3. What is the remainder when 49 is divided by o(-4)?
15
Suppose -2*v = -7*v + 2*j + 28, -v + 20 = -4*j. Let m = 11 - 6. Let w = 7 - m. What is the remainder when v is divided by w?
0
What is the remainder when 29 is divided by (-20 + -2)*(-2)/4?
7
Suppose -t + 2 = -5. Calculate the remainder when t is divided by (-36)/(-14) - 9/(-21).
1
Suppose -53 = 3*v - 4*v. Suppose -v = -4*k - 13. Let p(t) = -7*t - 16. What is the remainder when p(-5) is divided by k?
9
Suppose 3*n = -w + 16, 3*n - 16 = w - 2*n. Calculate the remainder when 10 is divided by w.
2
Let z(u) = -u**2 + 9*u - 4. Let j be z(8). Suppose 2*i = -2*i - 16, 2*d - j*i - 52 = 0. Suppose 0*p = -p + 53. What is the remainder when p is divided by d?
17
Let h be 30/(-8) + (-3)/12. Let g(r) = r**2 - 2. Calculate the remainder when 40 is divided by g(h).
12
Let j(h) = h**2 - 23*h + 51. What is the remainder when j(22) is divided by 12?
5
Suppose 3*l - 90 = -7*l. Calculate the remainder when l is divided by (12/10)/((-4)/(-10)).
0
Let t = 63 - 46. What is the remainder when 64 is divided by t?
13
Let d = -2 - -6. Suppose -2*w - w = -612. Suppose 0*j + 2*j - 84 = d*c, 5*j - 4*c = w. What is the remainder when j is divided by 14?
12
Let d(w) = -2*w**3 + 25*w**2 - 12*w + 6. What is the remainder when 57 is divided by d(12)?
3
Let b be (3*1)/(7/(-21)). Let q = 14 + b. Suppose 3*n + 4*s - 50 = 0, 0*n + 3*n - 55 = -q*s. Calculate the remainder when 29 is divided by n.
9
Suppose 2*q + 16 = -5*i, 5*q - 3*i = -i + 18. Suppose -3*p = -q*j + 2*p + 12, 14 = 2*j - 4*p. Calculate the remainder when 31 is divided by j.
9
Let y = 5 + -4. Let x be y*-7*(-2)/7. What is the remainder when 23 is divided by 9/12*(x - -14)?
11
Let f = 4 + -2. Suppose 15 = u - 3*k, -4*u + 27 = -f*k - 3. Suppose -5*q + 4*q = -11. What is the remainder when q is divided by u?
5
Suppose -z = -u - 80, z = -u + 4*u + 90. What is the remainder when z is divided by 13?
10
Let w be (680/(-24))/((-2)/6). Suppose 2 - 12 = -5*n. Suppose 4*d - u = -2*u + 195, -3*u + w = n*d. What is the remainder when d is divided by 17?
16
Suppose -34 = -2*f - 10. Let w(m) = -m**2 + 8*m + 5. What is the remainder when f is divided by w(8)?
2
Let q(m) be the third derivative of 7*m**4/24 + 5*m**3/6 - 2*m**2. Let f(x) = x**3 - 4*x**2 - x - 3. Calculate the remainder when q(4) is divided by f(5).
16
Calculate the remainder when ((-10)/(-4) + -1)*10 is divided by 3.
0
Suppose -4*w = 4*q + q - 527, 5 = -5*q. Suppose -47 = 2*y - w. Calculate the remainder when y is divided by 22.
21
Let k = -4 - -9. Suppose 0 = -2*x + 7*x - k. Let p(w) = 40*w - 1. What is the remainder when p(x) is divided by 10?
9
Suppose -f - 199 = 3*n - 610, 5*n = -f + 687. What is the remainder when n is divided by 35?
33
Suppose 2*v - 95 = -5*h + 117, -3*h = -v - 125. What is the remainder when h is divided by 11?
9
Let y = 11 - 7. Suppose 0 = 2*u - 4*z - 26, -2*u + 3*z = -6*u + 63. Calculate the remainder when u is divided by y.
3
Suppose -7*r = -2*r - 10. Suppose 3*s - 243 = -f, r*s + 87 - 245 = -2*f. Calculate the remainder when s is divided by 28.
26
Let i(w) = w**3 - 8*w**2 - 10*w + 12. Let b be i(9). Calculate the remainder when 2/(-7) - 79/(-7) is divided by (1 - 4)/(-1) + b.
5
Suppose -5*z + 35 = -0*z. What is the remainder when 33 is divided by z?
5
What is the remainder when ((-165)/(-35) - 5) + 1180/14 is divided by 29?
26
Suppose -6*w = -0*w - 72. Suppose -f + 12 = y, 6*f + 4*y = 4*f + 34. Calculate the remainder when w is divided by f.
5
Let u(m) = -m**3 + 18*m**2 - 14*m - 22. Let j(w) = 3*w**2 - 3*w - 1. Let r be j(3). Calculate the remainder when 56 is divided by u(r).
27
Suppose 2*q - 4 = h, 2*q - 25 = -5*h + 3*q. Suppose h + 9 = 3*t. Suppose 0 = t*g - 10*a + 5*a - 10, a = 3. Calculate the remainder when 19 is divided by g.
4
Suppose 10 = 4*g - 10. Suppose 0*i = -4*i + 32. What is the remainder when i is divided by g?
3
Let a = 18 + -36. Suppose -2*v + 111 + 219 = 0. Calculate the remainder when 17 is divided by (-1)/6 - v/a.
8
Suppose 1 = 2*j + i, 3*i - 4 = -5*j + 2*i. Let w = 27 - j. Calculate the remainder when 101 is divided by w.
23
What is the remainder when (-1 - 20)*50/(-15) is divided by (-2)/(-7) + 166/7?
22
Let d be (-7)/2*(-8)/14. Suppose d*j = 25 + 25. Suppose -2*y = -y - j. What is the remainder when y is divided by 9?
7
Suppose -5*w - 75 = -360. Let m = 40 - 9. Let b = w - m. What is the remainder when b is divided by 7?
5
Let z = 9 - 7. Suppose -30 = -u - z*u. Suppose -5*f - 24 = -4*k - f, 0 = -2*k + 5*f + 21. What is the remainder when u is divided by k?
1
Let x(h) = 3*h - 7. Let w = 16 + -10. Calculate the remainder when x(8) is divided by w.
5
Let r = -1 + 12. Suppose z = r + 14. Calculate the remainder when 73 is divided by z.
23
Suppose -5*c + 85 - 9 = 4*y, -3*y + 3*c + 30 = 0. Calculate the remainder when y is divided by 4.
2
Let u(k) = -k**2 - 13*k + 10. What is the remainder when u(-9) is divided by 4/(-22) - 134/(-11)?
10
Let l = 61 + -10. Calculate the remainder when l is divided by 14.
9
Suppose 5*h - 99 = 1. Calculate the remainder when 97 is divided by h.
17
Suppose 2*h = -0*h + 20. Suppose -72 = -5*q - 42. Calculate the remainder when h is divided by q.
4
Let c(q) = -q**3 - 5*q**2 + 4*q + 8. Let k be c(-6). Let w = k + -9. Let d = w + 3. What is the remainder when 26 is divided by d?
12
Let z(n) = -5*n**3 - n**2 - 7*n - 10. Calculate the remainder when z(-3) is divided by 35.
32
Let c(m) = m**2 + 13. What is the remainder when c(0) is divided by 3?
1
Calculate the remainder when (-8 - -4)*177/(-6) is divided by 10.
8
Let z = -14 + 41. Suppose 0 = -5*d - 3*c + 65, 0 = -2*d - 0*c - c + z. What is the remainder when 30 is divided by d?
14
Let l(d) = -d**2 + d - 1. Let h be l(-6). Let r = h + 60. Calculate the remainder when r is divided by 6.
5
Let l(d) = d**3 + 12*d**2 + 8*d - 27. What is the remainder when l(-8) is divided by 28?
25
Let q(r) = 4*r + 6 + 5*r**2 + 8*r - 4*r**2 + 0*r**2. Let c be q(-12). Suppose 2*p = c + 2. Calculate the remainder when 7 is divided by p.
3
Let s be (0 - 1) + (7 - 1). Suppose k - n - 9 = -0*n, -s*n = 3*k - 35. Calculate the remainder when k is divided by 4.
2
Suppose 5*w - 115 = 5*r, 4*w + 4*r - 58 - 10 = 0. Let d = -8 + w. What is the remainder when 22 is divided by d?
10
Let k = -6 + 14. Suppose -3*q + 2*y + 19 = 6*y, 4*q - 2*y - 18 = 0. Suppose 0*o = -f + 3*o + 15, 5*o + 5 = -q*f. Calculate the remainder when k is divided 